e 13) to base 2
0
-1 (base 13) to base 3
-1
What is -33 (base 5) in base 4?
-102
Convert 59 (base 15) to base 10.
84
Convert 4 (base 14) to base 6.
4
What is -3 (base 8) in base 3?
-10
-243 (base 6) to base 7
-201
What is 13 (base 11) in base 15?
e
31 (base 4) to base 9
14
-100 (base 2) to base 12
-4
-1 (base 7) to base 13
-1
-11312 (base 4) to base 7
-1043
7 (base 11) to base 9
7
Convert 10001 (base 2) to base 6.
25
-2 (base 14) to base 6
-2
-124 (base 5) to base 13
-30
-32 (base 16) to base 4
-302
Convert 113 (base 6) to base 3.
1200
What is 33 (base 15) in base 14?
36
1010110 (base 2) to base 5
321
Convert -50 (base 7) to base 15.
-25
Convert -13 (base 16) to base 8.
-23
Convert 8 (base 13) to base 11.
8
Convert 310 (base 4) to base 15.
37
What is 0 (base 9) in base 3?
0
What is 6 (base 14) in base 15?
6
Convert 2c (base 15) to base 6.
110
Convert -2 (base 16) to base 8.
-2
Convert -11 (base 4) to base 2.
-101
-2 (base 8) to base 10
-2
What is -45 (base 9) in base 2?
-101001
What is 50 (base 11) in base 3?
2001
Convert 10 (base 2) to base 7.
2
Convert 10 (base 9) to base 10.
9
What is 2 (base 6) in base 16?
2
Convert 21 (base 7) to base 2.
1111
Convert -46 (base 14) to base 7.
-116
What is -3 (base 11) in base 8?
-3
Convert 1d (base 15) to base 8.
34
What is -a (base 14) in base 3?
-101
4 (base 7) to base 14
4
What is 4 (base 8) in base 9?
4
5 (base 8) to base 11
5
92 (base 11) to base 4
1211
Convert -a (base 15) to base 14.
-a
What is 3 (base 4) in base 9?
3
Convert 5 (base 8) to base 15.
5
453 (base 6) to base 11
151
107 (base 10) to base 14
79
What is -2 (base 4) in base 8?
-2
Convert -400 (base 5) to base 11.
-91
Convert -7 (base 11) to base 12.
-7
Convert 2d (base 14) to base 13.
32
What is -89 (base 10) in base 3?
-10022
-114 (base 5) to base 13
-28
d6 (base 15) to base 4
3021
11111100 (base 2) to base 7
510
Convert -55 (base 9) to base 14.
-38
12 (base 5) to base 9
7
22 (base 14) to base 8
36
52 (base 6) to base 13
26
Convert -130 (base 13) to base 14.
-10c
2 (base 9) to base 14
2
4 (base 6) to base 8
4
-19 (base 16) to base 2
-11001
What is -20 (base 14) in base 15?
-1d
What is 5 (base 10) in base 15?
5
Convert -230 (base 4) to base 2.
-101100
What is -9 (base 14) in base 16?
-9
-2 (base 12) to base 6
-2
Convert -42 (base 14) to base 8.
-72
6 (base 8) to base 4
12
-1 (base 3) to base 13
-1
-10312 (base 4) to base 7
-622
Convert 10 (base 3) to base 9.
3
What is -1d (base 14) in base 8?
-33
2 (base 14) to base 8
2
What is 31 (base 6) in base 12?
17
1 (base 4) to base 11
1
-1 (base 4) to base 2
-1
What is 26 (base 8) in base 16?
16
-40 (base 12) to base 14
-36
What is 4 (base 11) in base 12?
4
-1 (base 3) to base 4
-1
Convert -2 (base 8) to base 7.
-2
13 (base 15) to base 3
200
What is -2 (base 8) in base 15?
-2
Convert -c (base 14) to base 16.
-c
What is -1 (base 5) in base 11?
-1
Convert 11 (base 5) to base 3.
20
Convert 22 (base 4) to base 12.
a
Convert -1 (base 10) to base 14.
-1
7 (base 11) to base 16
7
What is 3 (base 10) in base 3?
10
Convert -3 (base 10) to base 4.
-3
Convert -4 (base 10) to base 5.
-4
What is -4 (base 5) in base 7?
-4
-3 (base 4) to base 9
-3
Convert -2 (base 10) to base 11.
-2
Convert -10 (base 8) to base 7.
-11
What is 116 (base 9) in base 5?
341
What is 0 (base 3) in base 11?
0
What is 16 (base 16) in base 14?
18
-24 (base 5) to base 4
-32
What is -45 (base 6) in base 16?
-1d
Convert -342 (base 6) to base 7.
-251
Convert 11 (base 6) to base 7.
10
Convert -2 (base 16) to base 6.
-2
Convert -3 (base 8) to base 12.
-3
Convert -216 (base 10) to base 2.
-11011000
2101 (base 3) to base 9
71
-5 (base 11) to base 12
-5
What is -12221 (base 3) in base 2?
-10100000
-2 (base 6) to base 4
-2
Convert -87 (base 10) to base 13.
-69
Convert -125 (base 7) to base 4.
-1010
Convert 10 (base 4) to base 7.
4
Convert -10 (base 15) to base 9.
-16
Convert -d2 (base 16) to base 9.
-253
What is 302 (base 10) in base 14?
178
Convert 3 (base 13) to base 16.
3
What is 5 (base 16) in base 14?
5
Convert -4 (base 16) to base 15.
-4
Convert 54 (base 10) to base 9.
60
What is -202 (base 11) in base 14?
-136
Convert 3 (base 5) to base 2.
11
Convert 40 (base 5) to base 8.
24
What is -202 (base 5) in base 4?
-310
What is 6a (base 11) in base 16?
4c
11 (base 2) to base 13
3
What is -80 (base 9) in base 13?
-57
39 (base 15) to base 11
4a
1 (base 15) to base 3
1
-100 (base 2) to base 11
-4
-3b (base 14) to base 8
-65
Convert 11111 (base 2) to base 11.
29
10001 (base 2) to base 12
15
Convert 1121 (base 4) to base 3.
10022
What is -5 (base 9) in base 5?
-10
What is -2 (base 9) in base 13?
-2
-7 (base 11) to base 5
-12
-11 (base 5) to base 6
-10
What is 3b (base 13) in base 2?
110010
4 (base 10) to base 15
4
What is 1012 (base 3) in base 9?
35
-230 (base 7) to base 6
-315
Convert -502 (base 9) to base 6.
-1515
What is 1 (base 4) in base 15?
1
Convert -3 (base 12) to base 8.
-3
Convert -36 (base 8) to base 4.
-132
What is 16 (base 11) in base 16?
11
What is 1 (base 6) in base 9?
1
Convert 55 (base 9) to base 8.
62
Convert 20000 (base 3) to base 13.
c6
Convert -23 (base 8) to base 7.
-25
What is 133 (base 5) in base 13?
34
Convert 1 (base 2) to base 15.
1
2 (base 3) to base 14
2
Convert -5 (base 12) to base 5.
-10
What is -3130 (base 4) in base 3?
-22011
Convert -2 (base 10) to base 6.
-2
-203 (base 4) to base 12
-2b
What is 436 (base 7) in base 9?
267
Convert -2 (base 15) to base 16.
-2
-3 (base 11) to base 2
-11
-13 (base 11) to base 13
-11
What is 0 (base 11) in base 6?
0
327 (base 9) to base 15
12d
Convert 5 (base 13) to base 14.
5
-4 (base 15) to base 11
-4
What is 10012 (base 3) in base 11?
79
49 (base 11) to base 14
3b
What is -324 (base 6) in base 3?
-11121
1 (base 11) to base 15
1
What is -11 (base 12) in base 7?
-16
a (base 14) to base 11
a
-5 (base 15) to base 6
-5
What is -131 (base 5) in base 8?
-51
What is -83 (base 16) in base 3?
-11212
What is -1 (base 13) in base 2?
-1
101100000 (base 2) to base 12
254
What is -102 (base 6) in base 9?
-42
32 (base 6) to base 14
16
What is -68 (base 16) in base 5?
-404
Convert 120 (base 4) to base 7.
33
Convert 2 (base 4) to base 11.
2
Convert -5 (base 12) to base 7.
-5
Convert 11110111 (base 2) to base 10.
247
Convert 15 (base 12) to base 9.
18
12 (base 4) to base 15
6
What is -121 (base 8) in base 7?
-144
-222 (base 5) to base 8
-76
What is 4 (base 12) in base 16?
4
-2b (base 13) to base 15
-27
Convert 3222 (base 4) to base 14.
12a
What is 2 (base 10) in base 7?
2
Convert 11000 (base 2) to base 10.
24
-30 (base 8) to base 6
-40
-12 (base 3) to base 16
-5
Convert 5 (base 8) to base 4.
11
11 (base 5) to base 9
6
-3 (base 14) to base 12
-3
Convert 9a (base 16) to base 9.
181
323 (base 4) to base 10
59
What is 5 (base 8) in base 15?
5
What is 11 (base 6) in base 12?
7
-132 (base 8) to base 10
-90
28 (base 13) to base 4
202
6 (base 15) to base 7
6
What is -35 (base 9) in base 12?
-28
What is -b (base 16) in base 15?
-b
What is 40 (base 11) in base 3?
1122
72 (base 13) to base 6
233
Convert 1212 (base 3) to base 8.
62
What is 12 (base 4) in base 3?
20
128 (base 13) to base 2
11001011
What is 20102 (base 3) in base 12?
125
Convert -18 (base 13) to base 15.
-16
-22 (base 11) to base 13
-1b
What is -42 (base 12) in base 7?
-101
What is -1000 (base 5) in base 15?
-85
-1 (base 10) to base 12
-1
-2 (base 14) to base 10
-2
What is 4c (base 13) in base 6?
144
Convert -35 (base 7) to base 15.
-1b
Convert 42 (base 12) to base 8.
62
What is 10 (base 5) in base 11?
5
Convert 7 (base 10) to base 15.
7
Convert -10 (base 2) to base 12.
-2
What is 45 (base 10) in base 11?
41
-2 (base 11) to base 5
-2
Convert 0 (base 12) to base 6.
0
What is 10 (base 4) in base 13?
4
0 (base 6) to base 4
0
Convert 56 (base 9) to base 3.
1220
What is -b (base 14) in base 9?
-12
-5 (base 9) to base 13
-5
-1 (base 10) to base 5
-1
35 (base 6) to base 3
212
What is -30 (base 6) in base 10?
-18
What is -3 (base 5) in base 12?
-3
What is 5 (base 9) in base 15?
5
Convert -2 (base 15) to base 11.
-2
-1 (base 6) to base 16
-1
What is 9 (base 10) in base 15?
9
What is -3 (base 14) in base 15?
-3
120 (base 4) to base 13
1b
3b (base 13) to base 10
50
What is 15c (base 13) in base 11?
204
-11000 (base 2) to base 7
-33
28 (base 12) to base 5
112
35